 a(v) = -12*v + 47. Let t(h) = -a(h) - 5*k(h). Give t(-17).
-71
Let z(u) be the first derivative of 1/3*u**3 + 155 - 1/2*u**2 + 8*u. Calculate z(0).
8
Let j = 36 + -49. Let k(s) = 2*s - 7. Let b(y) = -4*y + 15. Let r(g) = j*k(g) - 6*b(g). What is r(2)?
-3
Let v(x) = x**3 + 7*x**2 - 20*x + 6. Let n(a) = -a**2 - 36*a + 1692. Let r be n(-63). Determine v(r).
24
Let z(q) be the second derivative of -q**4/12 - 4*q**3/3 - 3*q**2 - 70*q + 4. What is z(-5)?
9
Let k(r) = -r - 2. Let a(z) = -56*z**2 + 5 - 59*z**2 - 2*z - 52*z**2 + 168*z**2. Let l(u) = a(u) + 2*k(u). Suppose -10 = -3*p + 5. What is l(p)?
6
Suppose -5*q + 11 = 6*q. Let h be -5 + 10 - q/1. Let u(m) = m**3 - 3*m**2 - 5*m - 2. What is u(h)?
-6
Suppose -13*f - 47*f = -300. Let w(q) = 5*q + 1. What is w(f)?
26
Let w(r) = -r**2 + 6*r + 3. Let f be w(7). Let m(n) be the first derivative of -7 + 1/2*n**2 + 7*n. Calculate m(f).
3
Let j = -10310 + 10308. Let y(p) = -p**3 + p**2 - p - 2. Give y(j).
12
Let z(k) = -7*k - 11. Let g be z(-2). Let q(d) = -1 - 1 + 8 - 2 - 2*d. Let i be q(g). Let c(o) = o**2 - o - 1. Give c(i).
5
Let f(d) be the second derivative of d**5/20 - 2*d**4/3 + d**3 + 9*d**2/2 - 1513*d + 4. What is f(7)?
2
Suppose 9*u = -812 + 4556. Let k be (1 - u)*-2 + 51 + -51. Let c(b) = 2 - b**2 - 830*b + k*b + b**3. Calculate c(2).
6
Suppose 4 = 2*t - 6. Suppose t*c - 8 = -3. Let w(o) be the third derivative of -o**6/10 + o**3/6 + 44*o**2 - 3. Calculate w(c).
-11
Let a = 15 + -8. Let f(k) = -57*k + 118*k + 2 - 3 - 59*k. Let p(u) = -u. Let h(y) = a*p(y) + 4*f(y). What is h(9)?
5
Let x(u) = u**2 - 56*u + 726. Let a be x(36). Let k(m) = m**2 - 14*m + 8. Give k(a).
-40
Let o(q) = -q**2 - q. Suppose -2*a - 4 = -6*a. Let y be (a/((-2)/8))/((-5)/5). Let g be 12/2 + -2 - y. Give o(g).
0
Let m(p) = -359800 + 359775 + 0*p**2 + p**2. Give m(-5).
0
Let o(g) = -21*g**3 - 14*g**2 - 39. Let y(i) = -13*i**3 - 10*i**2 - 26. Let q(j) = 5*o(j) - 8*y(j). What is q(10)?
13
Let u(j) = -j**3 + 19*j**2 - 29*j + 183. Suppose -83*q - 2*b - 32 = -84*q, -5*b - 35 = 0. What is u(q)?
-15
Let n(u) be the third derivative of u**4/24 + u**3 - 11*u**2. Suppose -2*t = 2*c - 94, -5*t = 3*c - 286 + 45. Let w be 0/((t/(-5))/(-5)). Determine n(w).
6
Let c(n) = 0*n**2 + 3*n**2 - 3 - 5*n + n**3 + 2*n. Let i = 79 + 3. Suppose -6 = 22*b + i. Give c(b).
-7
Let o = 3985 - 3981. Let n(z) = -20*z + 3. Calculate n(o).
-77
Let i(p) = 9*p**2 + 5*p + 3. Let o = -38 + 41. Let s(l) = -4*l**2 + 1 - 3*l + 2 - 5. Let u(z) = o*i(z) + 5*s(z). What is u(-1)?
6
Let y(d) = 14*d + 11. Let f(x) = 5*x + 4. Let l(w) = 17*f(w) - 6*y(w). Let a = 1408 - 1414. What is l(a)?
-4
Let n = 4752 - 4758. Let h(x) = -x**3 - 6*x**2 - 4*x - 7. Give h(n).
17
Let m(l) be the second derivative of -l**3/6 - 45*l**2 + 17*l - 37. Calculate m(-26).
-64
Let c(r) = -760*r + 758*r - 4 - 2. Calculate c(-15).
24
Let l(m) = m**2 + 29*m + 51. Suppose 15*y = 30*y + 405. Determine l(y).
-3
Let d(g) = -g - 1. Let p(m) = 5 - 7*m - 4 + 19*m - 8*m**2 + 7*m**2 + 2. Let a(n) = 5*d(n) + p(n). What is a(4)?
10
Let t(j) = 3*j**2. Let v be ((-24)/6 - -3) + -61. Let m = v - -61. Give t(m).
3
Let f(d) = -303532*d + 6*d**2 + 303532*d + 2*d**3 - 1. Determine f(-4).
-33
Let h(c) = -2*c**2 + 10*c + 9. Let l be 6 - ((-2)/(-2) - 78/(-13)). Calculate h(l).
-3
Suppose -3*n + 48*y = 52*y + 81, -6 = y. Let m(l) = l**3 + 17*l**2 - 33*l + 24. Determine m(n).
-71
Let q(p) = p**3 + 2*p**2 + 4*p + 8. Let u(o) = 37*o - 261. Let r be u(7). Determine q(r).
0
Let z(x) = x**3 + 5*x**2 - 8*x - 5. Let h(p) = 22*p - 93. Let g be h(7). Suppose g + 5 = -11*j. Give z(j).
7
Let a(k) = 4*k - 86 + 16*k + 25 + 34. Calculate a(2).
13
Let q = -6/2893 + 2905/5786. Let y(o) be the first derivative of q*o**2 - 2*o - 3. Calculate y(3).
1
Suppose -17 = 3*w + 4*j, -3*w + w = 3*j + 13. Let x(s) = s**2 - 2*s - 1. Let v(m) = 2*m**2 + 3*m + 6. Let o(a) = w*v(a) - 3*x(a). Calculate o(8).
17
Let b(f) = f + 53. Suppose 5*a + 5 = 0, -8*d + 11*d - 2*a + 40 = 0. Calculate b(d).
39
Let j = 16 - 16. Let h be (-18 + 3)*(-6)/18. Suppose 6*x + 1 + h = j. Let a(w) = -8*w**2. Give a(x).
-8
Suppose -2*g - 3*g - 30 = 0. Let d(l) = l**3 + 5*l**2 - 9*l - 16. Let f be d(g). Let t(u) = -2*u**2 - u + 0*u + 1 - u**f + 2*u**2. Calculate t(0).
1
Let u(c) be the second derivative of -3*c**3/2 - c**2/2 - 2*c. Let j = -2058 - -2059. What is u(j)?
-10
Let z(o) be the second derivative of o**6/720 - o**5/60 - o**4/6 + 25*o**3/6 + 3*o + 4. Let a(x) be the third derivative of z(x). Calculate a(-4).
-6
Let w(s) = 16*s + 976. Let q(f) = -4*f - 249. Let y(k) = 15*q(k) + 4*w(k). Determine y(-40).
9
Let j(z) = -11*z - 113. Suppose g + 39 = 23*g + 281. What is j(g)?
8
Let u(n) = -10*n - 4. Let b = 8921 - 8924. Calculate u(b).
26
Let u be 8 + 56/84*(-2 + 44/(-8)). Let t(x) = x**3 - 3*x**2 - 8*x + 15. Determine t(u).
-9
Let p(i) = 2*i + 1. Suppose 92*d - 90*d = -5*m - 5, -3*d + 6 = 3*m. Determine p(m).
-5
Let w(b) = -2*b + 5. Suppose 3 = m - 2*c - 6, -5*c = -2*m + 20. Calculate w(m).
-5
Suppose -5*q - 8 = -i, -3*i = -2*q - 1 - 10. Let f = 4 - q. Let h(o) be the second derivative of o**4/12 - 5*o**3/6 + 3*o**2/2 + 2*o - 10. Give h(f).
3
Let d(h) = -26*h - 24. Let i(l) = -10*l**3 + 290*l**2 - 2*l + 56. Let u be i(29). Determine d(u).
28
Let d = -87 + 82. Let y(q) be the third derivative of 2*q**2 + 0*q + 0 + 1/24*q**4 + 3/2*q**3. Calculate y(d).
4
Let u(n) = 13824*n - n**2 - 6933*n + 11 - 6894*n. Suppose 0 = y - 4*y - 15. Calculate u(y).
1
Let u(q) = q**3 - q**2 - q - 1. Let j be 3/15 - 102/10. Let v be -4 - 1*8*j/20. Suppose -2*n + 4*n - 3*g = 0, -n - 3*g + 9 = v. Calculate u(n).
14
Let n(k) be the first derivative of k**6/360 - k**5/10 + k**4/6 + k**3/3 + 37*k + 60. Let u(x) be the third derivative of n(x). What is u(10)?
-16
Let h be ((-9100)/16 - (-3)/(-12)) + 2. Let w be (-115)/9 + 18/h*7. Let b(r) = -r**3 - 12*r**2 + 12*r - 11. Give b(w).
2
Let y(c) = 2*c + 3. Suppose -84 = -5*a - 2*r, -5*r - 1 - 50 = -2*a. Suppose -21*s + 12*s - a = 0. What is y(s)?
-1
Let d(r) = -90 - 222 + 139 + 8*r - 19. Calculate d(21).
-24
Suppose -4*h + 20 = 16, 5*p = -h + 31. Let d(k) = 10*k - p*k - k + 4*k + k. Give d(2).
16
Let f(g) be the second derivative of -g**5/20 + 19*g**4/12 - 37*g**3/6 + 27*g**2 - 3*g + 32. Calculate f(17).
3
Let w(y) = 4*y**2 + 4*y - 1. Let x(u) = -6*u**2 + 23*u + 1. Let h(b) = b**2 - 17*b - 34. Let c be h(19). Let g be x(c). Determine w(g).
23
Let b be 0 + (2/6)/((-10)/(-90)). Let i(o) = 9*o - 33. Let p be i(b). Let j(n) = n**2 + 10*n + 14. Calculate j(p).
-10
Let p(a) = 2*a**2 + 20*a - 40. Suppose 22 = 4*i + 70. Let r be p(i). Let h(j) = -j**2 + 10*j - 6. Determine h(r).
10
Suppose -60 = 21*s - 15*s. Let g(p) = -p**2 - 20*p + 4. Let u be g(s). Let i(h) = -2*h**2 - u + 0*h - 2*h + 9*h**3 + 103. Give i(-1).
-10
Let c(y) = -y**3 - 4*y**2 + 5*y - 1. Let i(z) = 2*z**2 + 7*z - 23. Let w be i(-6). Suppose -12*t - 5 = w. Let q be (10/(3 + t))/(-1). Calculate c(q).
-1
Let r(q) = q**2 + 6*q + 8. Let d(z) = 2 - 2 + 2 - 1. Let m(f) = -4*d(f) + r(f). Let g(p) = -1. Let w(x) = -2*g(x) + m(x). What is w(-6)?
6
Let a(w) be the third derivative of w**5/20 - w**4/12 - 2*w**3/3 - 2*w**2 + 523. What is a(-3)?
29
Suppose 26 = 4*j - 6. Let h(k) = -2*k**3 + 2 + k**3 - 11 + j*k + 6*k**2. Let g(f) = 3*f**2 - 247*f + 1589. Let m be g(7). Determine h(m).
-2
Let o(r) = -41*r + 15*r + 4*r - 472 - 25*r. Determine o(-10).
-2
Let y(o) = -o**3 + 4*o**2 + 6*o - 16. Let h be -12*(-13 + 5)/24. Determine y(h).
8
Let q(x) = 274*x + 3 - 145*x - 127*x. Give q(5).
13
Let g(a) = a + 3. Let k be g(-5). Let l(r) = -6 + 5 + 3 - 348*r - 4 - 5 + 347*r. Determine l(k).
-5
Let h be ((-24)/(-40))/(1/10). Suppose -l - 798 = h*l. Let x = -109 - l. Let y(b) = -b + 12. Give y(x).
7
Suppose 4*g + g = 55. Suppose 3*x + g = -7. Let w(r) = 5087 + 2*r - 10189 + 5106. Give w(x).
-8
Suppose 10*a + 21*a - 217 = 0. Let k(y) be the second derivative of -y**5/20 + 2*y**4/3 - y**3/3 - 5*y**2/2 - 27*y. What is k(a)?
30
Let u(n) = 2*n - 4. Suppose -4*d - 10 = 3*v, -3*v = -v + 5*d + 16. Suppose -2*z + 2*m = -0*m + 92, -v*z - 5*m = 120. Let x be z/(-12) + (-4)/24. Give u(x).
4
Let k(y) = -y**2 - 13*y - 38. Let u be k(-7). Let w(x) = -10 - u*x - 16 + 18. What is w(7)?
-36
Let m(g) = g**2 + 7*g. Let j = 1634 - 1634. Determine m(j).
